uppose 0 = -12*a - 5445 + 717. Let w = 397 + a. Let o(u) = -u**2 + 2*u - 3. Determine o(w).
-6
Let u(q) = q + 49*q + 1101 + 1058 - 2110 + 2*q**2. Give u(-24).
1
Let g(q) = -20*q + 196. Let m = 80 + -70. Let z be g(m). Let s(x) = -4*x + 5. Give s(z).
21
Let y(r) = -2*r**2 - 7*r - 41. Let z(b) = -b**2 - 4*b - 20. Let d(i) = -6*y(i) + 13*z(i). Suppose -4*s + 12 = -3*v, 11*s - 8*s + 9 = 0. Calculate d(v).
2
Suppose 3*z - 352 = 2*a, 0*z + 596 = 5*z - a. Let r(l) = z - 135 + 2*l - l. Calculate r(0).
-15
Let m(f) = -8*f + 3*f + 0 + 1. Suppose 12*j + 2258 = 2246. What is m(j)?
6
Let p(s) = s**2 + 10*s + 10. Let g(r) = -r**3 + 32*r**2 - 2*r + 63. Let i be g(32). Let d(h) = -2*h**2 + 8*h + 2. Let y be d(i). Determine p(y).
-6
Let c(a) be the second derivative of -11*a**3/6 - a**2 - 1980*a - 2. Calculate c(3).
-35
Let c = 283 - 135. Suppose -5*v + 4*g = -c, g = 3*v - 65 - 21. Suppose 0 = -4*l - v. Let n(h) = -h**2 - 8*h. Give n(l).
7
Let g(h) = 262343*h**2 - 3*h**3 + 10 + 18*h + 262396*h**2 - 524789*h**2. Determine g(-17).
-7
Let k(o) = -o - o - 12 - 2*o + 2*o. Let n(w) = -2*w - 13. Let u(a) = -5*k(a) + 6*n(a). What is u(-12)?
6
Let i(x) = -1487*x + 1486*x + 5 - 4. Let a(q) be the first derivative of -q**3/3 + 5*q**2 - 9*q + 5. Let j be a(8). Give i(j).
-6
Suppose -4*x = -2*f + 2206, 58*x - 62*x - 2205 = -3*f. Let a be 6/10 - (8 + x/30). Let y(m) = m**2 - 12*m + 17. Give y(a).
6
Let f(u) = -5*u + 9519 - 9518 - u. Suppose 3*w - 14 = 4. Let x = w + -4. What is f(x)?
-11
Suppose -5 = -t + 1. Let q(r) be the third derivative of -5*r**4/24 + 3*r**3/2 + 914*r**2. Determine q(t).
-21
Suppose 9*m + 54 = -9*m. Let p(k) = k**2 + 8 - 6 - k + 0. Give p(m).
14
Let x(d) be the second derivative of -d**4/12 - 2*d**3 + 40*d**2 + d - 923. Give x(-17).
-5
Let g = -49 - -28. Let c = 22 + g. Let v(k) = -k - 12. Let n(z) = -2*z - 18. Let u(h) = 2*n(h) - 3*v(h). Give u(c).
-1
Let n(x) = -14*x - 43. Suppose 94 = -39*o - 35 + 12. Calculate n(o).
-1
Let u(o) be the second derivative of -2*o**3/3 - 3*o**2 + 15*o. Let m be u(-2). Suppose -4*z - 20 = k, -4 = m*z + k + k. Let w(p) = -2*p - 6. What is w(z)?
6
Let t(s) = 13*s - 2. Let v(x) = -96*x + 13. Let r(o) = 30*t(o) + 4*v(o). Give r(-8).
-56
Let i(y) be the first derivative of -y**3/3 + 7*y**2/2 + 2*y - 1. Let h be (-24)/(-32) + 521*(-1)/(-4). Let w = -123 + h. Determine i(w).
-6
Let s = 41 - 37. Suppose 0 = l - 5*q - 10 - 9, l - s*q = 16. Suppose 3*g - 2*u = -13, g - l*u + 7 = -4. Let i(z) = -3*z - 4. Give i(g).
5
Let o be ((-4)/2 + 4)*-1. Let q(t) = -2*t + 2*t - 1939*t**2 - t**3 + 1000*t**2 + 937*t**2 - 3. Determine q(o).
-3
Let g(v) be the first derivative of v**4/4 - 26*v**3/3 + 23*v**2/2 + 62*v - 2277. Calculate g(25).
12
Let c(f) be the first derivative of -2*f**3/3 - f**2/2 + 12*f - 3775. What is c(4)?
-24
Let p(k) = 6*k**3 + 16 + 12*k**3 + 50*k + k**2 - 24*k**3 + 8*k**3 - 48*k. Determine p(-3).
-35
Let p(l) be the third derivative of -l**4/8 - 19*l**3/2 - 855*l**2 + 2. Calculate p(-12).
-21
Let s(k) = k + 29. Let a = -6266 - -6273. Calculate s(a).
36
Let v(d) = d + 13. Let y be v(-8). Suppose -5*a - 4*q + 21 = 0, -q = a - 0*a - y. Let r(x) = -2*x + 2*x**2 + 3*x + 2149 - 2150. Determine r(a).
2
Let w(h) = -5 - 3 - 3 + 6*h. Suppose 0 = 2*d - 381*i + 390*i + 87, 3*d = 5*i + 73. What is w(d)?
25
Let a(r) = -7*r**3 - 2*r**2 + 2*r - 1. Let b(p) = p**3 - 5*p**2 - 2*p + 12. Let y be b(5). Suppose -y = 12*z - 14. What is a(z)?
-8
Let i(g) be the second derivative of -3/2*g**2 - 1/3*g**4 - 61*g + 1/20*g**5 + 1 + 0*g**3. Calculate i(4).
-3
Let y(g) be the second derivative of g**5/20 + 5*g**4/6 - g**3/6 - 2*g**2 + 471*g + 2. Give y(-10).
6
Let k = 30 - 23. Let d(h) = 3*h + 36. Let c(x) = -2*x - 28. Let l(b) = -4*c(b) - 3*d(b). What is l(k)?
-3
Let a(c) be the first derivative of 55*c**2/2 + 665*c + 2310. Determine a(-12).
5
Let b(y) = -15*y**2 - 21*y + 8. Suppose z + 6 = -0. Let k(a) be the first derivative of -7*a**3/3 - 5*a**2 + 4*a + 2. Let q(c) = z*b(c) + 13*k(c). Give q(-4).
4
Let s(d) = -5*d**2 - 3*d**3 - d**3 + 65*d - 5 + 43*d - 109*d + 5*d**3. Suppose 1 + 3 = i. Determine s(i).
-25
Let u = 26 + -18. Let r(i) = -2*i**2 - i - 2. Let q(d) = -7*d**2 + 5*d - 11. Let a(n) = -q(n) + 3*r(n). Calculate a(u).
5
Suppose 18 = -3*v + 3*g, 4*v - 1 = g - 22. Let f(d) = d**3 + 6*d**2 - 5*d - 53. What is f(v)?
-3
Suppose -16*i = -10*i - 228. Let h be (-1 + 2)/(i/(-5282)). Let a = h - -146. Let j(x) = x**3 - 8*x**2 + 7*x - 2. What is j(a)?
-2
Let t = 64 - 61. Let g(h) = -3*h**2 + 6 + 7*h**3 - 4*h**3 - 1 - 6*h - 2*h**t. What is g(4)?
-3
Let o(l) be the second derivative of 0 + 29*l + 1/12*l**4 - 9/2*l**2 + l**3. Calculate o(-7).
-2
Let t(m) = m**2 + 31*m + 195. Let r be (-32643)/3645 - 8/180. Give t(r).
-3
Let d(v) = v**3 - 2*v**2 - 6*v. Let p be d(4). Suppose 0 = -4*s + 4*a + p, 2*a - 5*a = 2*s - 24. Let y(l) = -2*l. Determine y(s).
-12
Let k(w) be the first derivative of -5/3*w**3 - 2*w - 1/4*w**4 + 154 + 3/2*w**2. Give k(-5).
-17
Let n(f) be the first derivative of -f**2/2 - 31*f + 2213. Give n(-6).
-25
Let q(p) be the first derivative of p**3/3 - 17*p**2/2 + 18*p - 262. Calculate q(16).
2
Let z(n) = 114*n - 2840*n**2 + 5 + 2839*n**2 - 105*n. Calculate z(8).
13
Suppose 24*s - 16 = 16*s. Let f(r) = 5*r - s + r**2 + 3*r - 1 - 16*r. Calculate f(9).
6
Let y = -725 - -730. Suppose 5*r = -o - 3, -2*o = -y*r - 0 + 6. Let m(c) = c**2 - c + 4. What is m(r)?
4
Let a(v) = 2*v**2 + 62*v + 2. Let b be (-1524)/(-1143) - (-97)/(-3). Determine a(b).
2
Let u(m) = -1021 + 520 + 455 + 5*m. Give u(8).
-6
Let g(y) = -y + 10. Let z(o) = 13*o**2 + o + 11. Let h(d) = 19*d**2 + d + 16. Let s(x) = 5*h(x) - 7*z(x). Let f be s(1). Determine g(f).
5
Let b(p) = 248 - 19*p - 262 + 95. Give b(4).
5
Let r(z) be the second derivative of -z**5/20 + z**4/24 + z**3/2 - 5*z**2 - 14*z. Let y(w) be the first derivative of r(w). Calculate y(3).
-21
Let l(j) = 2*j**2 + j. Suppose -i + 4*h - 46 = -6*i, 0 = -5*i - 3*h + 42. Suppose i*v = 8*v + y - 5, 5*y + 15 = 0. Calculate l(v).
36
Let k(f) = f**3 + 6*f**2 - 8*f - 10. Let u = -6533 - -6526. Calculate k(u).
-3
Let p(o) be the third derivative of -o**4/6 + 73*o**3/6 - o**2 + 2*o + 282. Give p(12).
25
Let l(j) = j**3 + 20*j**2 + 73*j - 21. Let q be l(-15). Let t(m) = m**3 - 8*m**2 - 8*m - 21. Give t(q).
-12
Let r(l) = l**2 - 10*l - 51. Let n(b) = 26*b - 1026. Let a be n(40). What is r(a)?
5
Suppose 0 = 3*a + 5 - 11. Let i(l) be the first derivative of -l**3/3 + l**2 - 3*l + 1080. Determine i(a).
-3
Suppose -2*d - 12 = 2*d, -2*d = -4*l - 898. Let g = 217 + l. Let x(f) = f**2 + 9*f - 10. Determine x(g).
-10
Let a(c) = 5*c**2 - 7*c + 2. Let j(f) = -323*f - 3871. Let o be j(-12). Calculate a(o).
92
Let b = 6 + 0. Let f(c) = 10 - 156*c**2 + 149*c**2 + 382*c**3 - 381*c**3 + 5*c. What is f(b)?
4
Let m(c) be the first derivative of -15*c**2/2 - 8*c + 8517. Determine m(6).
-98
Let f = 27 + -25. Let m(t) = 3*t + 53*t**2 - 2*t + 2 - 54*t**f. Let p = -793 + 793. Calculate m(p).
2
Let g(i) = i**2 + 6*i + 7. Suppose -f + 151 - 2 = 0. Let r = f - 156. What is g(r)?
14
Let h be (32/12)/(2*7/(-21)). Let p(w) = -w**3 - 3*w**2 + 5*w - 9. Determine p(h).
-13
Let j be 2 + 50/8 + (-5)/4. Let p(c) = -5*c**3 - c + 4*c**3 + j + 5*c - 22*c + 11*c**2 + 7*c. Calculate p(10).
-3
Let j = 50 - 13. Let f be (j + -38)/(1/15). Let x(n) be the third derivative of -n**5/60 - 5*n**4/8 - n**3/6 - 2*n**2. What is x(f)?
-1
Let o(t) = -64*t**3 - t + 18. Let z(d) = 29*d**3 + d - 9. Let g(c) = 5*o(c) + 11*z(c). Give g(3).
-18
Let o(s) be the second derivative of 0 + 0*s**2 - 5/6*s**3 - 79*s. Calculate o(-3).
15
Let o = -213 - -219. Suppose l + 4*n = o*n, 2*n = 5*l + 24. Let t(p) = p + 6. Give t(l).
0
Let i(k) be the first derivative of 3*k**2/2 + 21*k + 2588. Determine i(-3).
12
Let i(l) = 5 + 4*l**2 + 3*l**2 - 4 + 2*l. Let f(r) be the first derivative of -r**3/3 - r**2/2 - r - 257. Let b(s) = 6*f(s) + i(s). Determine b(5).
0
Let t(q) be the third derivative of -q**6/120 - q**5/20 + q**4/8 + q**3/6 + q**2. Let w = -1190 + 1186. Calculate t(w).
5
Let z = 0 - -6. Suppose 0 = z*d + 35 - 5. Let l(i) = -i**3 - 2*i**2 + 9. Let n(w) = w**3 + w**2 + w - 10. Let y(b) = 4*l(b) + 3*n(b). What is y(d)?
-9
Let d = 188 + -178. Suppose 9 = -2*b + 15*v - 18*v, -d = 5*b + 5*v. Let a(y) = 